base 15, what is -27372128 - -5?
-27372123
In base 15, what is 9 - -caabd?
caac7
In base 11, what is -2 - 52a9205?
-52a9207
In base 5, what is -2113401 + 240?
-2113111
In base 11, what is 1 - -2a5565a?
2a55660
In base 7, what is 146 + -55025?
-54546
In base 15, what is 3c527 - 22?
3c505
In base 14, what is -5 - -1b0367a7?
1b0367a2
In base 5, what is -1432440 + 2111?
-1430324
In base 6, what is -44232054 + -1230?
-44233324
In base 8, what is 1 + 67503634?
67503635
In base 13, what is -181598 + -15?
-1815b0
In base 16, what is -4b5d23 + -4?
-4b5d27
In base 7, what is 361 + -1131042?
-1130351
In base 2, what is -11010010110011101110001100 + 100?
-11010010110011101110001000
In base 2, what is -110100010101000 - 10110110000?
-110111001011000
In base 12, what is 254551 + 53?
2545a4
In base 11, what is 222018 + 4?
222021
In base 3, what is 2102121 + 2110022000?
2112201121
In base 7, what is 3 - -25632320?
25632323
In base 12, what is -3 - 87032?
-87035
In base 13, what is 4 + 2c954a?
2c9551
In base 8, what is -7427 - 5740?
-15367
In base 15, what is 2e0 + -109c7c?
-10998c
In base 10, what is -1608 + 193007?
191399
In base 13, what is -70a - 2800?
-320a
In base 9, what is -1 - 218304630?
-218304631
In base 3, what is 1012 - 200100220110?
-200100212021
In base 10, what is 374 - 351847?
-351473
In base 9, what is -46272 + -7466?
-54748
In base 14, what is 127801 - 5?
1277da
In base 10, what is -302941072 + -4?
-302941076
In base 16, what is -453 + -17d1a?
-1816d
In base 4, what is 10021 - 13233?
-3212
In base 7, what is 0 + -364552445?
-364552445
In base 12, what is -11 + -8a121?
-8a132
In base 8, what is -2 + -12710665?
-12710667
In base 12, what is 5a69b149 + 2?
5a69b14b
In base 9, what is -164105751 + 1?
-164105750
In base 13, what is 9a4a7 + 19c?
9a676
In base 14, what is 115 - -6c31c?
6c433
In base 11, what is -1531 - -95711?
94190
In base 15, what is -11ea76 + 12e?
-11e947
In base 16, what is 25 + -14685e?
-146839
In base 12, what is b866867 + 0?
b866867
In base 12, what is -79574 - 75?
-79629
In base 13, what is 10a1541 + -5?
10a1539
In base 14, what is 61608 + -a1?
61547
In base 10, what is 1083 - -17?
1100
In base 16, what is -8 - -208930a?
2089302
In base 10, what is -747805 + 46?
-747759
In base 12, what is -b295 + -6?
-b29b
In base 5, what is 3020144 - 42441?
2422203
In base 6, what is -313215234 + -5?
-313215243
In base 11, what is -7 + -20028293?
-2002829a
In base 2, what is 10100110010011 + 110101001111000?
1001010000001011
In base 6, what is 0 + -1341411515?
-1341411515
In base 11, what is -729762 - 79?
-729830
In base 5, what is 42 - -2432423?
2433020
In base 9, what is -5 - -13141704?
13141688
In base 12, what is -18 - -279ab8?
279aa0
In base 4, what is 3 - -13011212233133?
13011212233202
In base 12, what is 1193921a + 3?
11939221
In base 7, what is 331515543 + -5?
331515535
In base 15, what is -112dc - bc?
-113a9
In base 9, what is -143 - -87787?
87644
In base 6, what is -204412 - -33020?
-131352
In base 6, what is 30112344 + -12?
30112332
In base 11, what is -3aa + -a000?
-a3aa
In base 10, what is 779892859 - 2?
779892857
In base 10, what is -12480436 + -22?
-12480458
In base 8, what is 115102 - -375?
115477
In base 12, what is -353b + 19baa?
1666b
In base 4, what is -1230010323221 + -3?
-1230010323230
In base 3, what is 11200002222021222 - 1?
11200002222021221
In base 3, what is 1021 + 112011212202?
112011221000
In base 8, what is -6175502 - 27?
-6175531
In base 15, what is -1016 + -b8d?
-1ba4
In base 13, what is 172cb + -274?
17057
In base 4, what is -21 - 30233123?
-30233210
In base 11, what is -38 - -2985a33?
29859a6
In base 6, what is -4550225201 + -4?
-4550225205
In base 6, what is 2050554543 - -13?
2050555000
In base 3, what is 100 + -101112012001012?
-101112012000212
In base 11, what is 13358 + -1281?
12087
In base 9, what is 12701441 - 16?
12701424
In base 5, what is -4210 + -1320424?
-1330134
In base 6, what is 130530104 - -4?
130530112
In base 8, what is 5205 + -1604?
3401
In base 6, what is -14102501 - 1322?
-14104223
In base 8, what is 2 + -11107046?
-11107044
In base 8, what is 163561053 - -1?
163561054
In base 11, what is -a68a436 - -1?
-a68a435
In base 3, what is 1210 - 102100021021?
-102100012111
In base 13, what is -3 - -441320bb?
441320b8
In base 8, what is -2 + 254755174?
254755172
In base 13, what is -18058443 + 4?
-1805843c
In base 5, what is 201300433102 - 4?
201300433043
In base 11, what is -364 - 13a080?
-13a434
In base 9, what is -20 + -145274?
-145304
In base 7, what is 1064 - -1626320?
1630414
In base 8, what is -747131 + 53?
-747056
In base 2, what is -100110 + 100010111010100111?
100010111010000001
In base 11, what is a3 - 382609?
-382516
In base 5, what is 24110044 - -100120?
24210214
In base 15, what is 14ede87e + 0?
14ede87e
In base 8, what is -3265736 - -2?
-3265734
In base 15, what is -2e + d44c58?
d44c29
In base 8, what is 0 + 1233330267?
1233330267
In base 16, what is -137 + 2849?
2712
In base 10, what is -28959 + 738?
-28221
In base 3, what is -112012122 - -1010112?
-111002010
In base 3, what is 120122001011 + -211021?
120121012220
In base 2, what is -110000101 + 11000001010101101111?
11000001001111101010
In base 4, what is 3023 - -3031210023?
3031213112
In base 15, what is -450e + -612?
-4b21
In base 7, what is 102063005 - 53?
102062622
In base 12, what is -3 - 50a078?
-50a07b
In base 8, what is 12 + -47020?
-47006
In base 3, what is 1 + -202200121020?
-202200121012
In base 4, what is -2312203 - -11302?
-2300301
In base 9, what is 31 - -8430601?
8430632
In base 7, what is 3212 + 142121?
145333
In base 5, what is 3043 - -134242?
142340
In base 10, what is 15968249 - 5?
15968244
In base 11, what is -4a31 - -676?
-4366
In base 7, what is -1366 - -1251502?
1250103
In base 6, what is 51 + 3053103?
3053154
In base 4, what is 33232302 + -22?
33232220
In base 14, what is 11a03182 + -2?
11a03180
In base 7, what is -24565623220 - 1?
-24565623221
In base 16, what is -58 - -252b6a?
252b12
In base 11, what is a89 + -1485a?
-13881
In base 6, what is -420500 + 103222?
-313234
In base 9, what is 114637 + 12?
114650
In base 14, what is 2ccb + -338?
2993
In base 9, what is -54 + -166804?
-166858
In base 12, what is 89a81 + 206?
8a087
In base 12, what is -6 - 1b65a45?
-1b65a4b
In base 9, what is 1233227 + 117?
1233345
In base 16, what is dc9aeb - 8?
dc9ae3
In base 3, what is -12011 + 210111222?
210022211
In base 4, what is -30112031 - -220333?
-23231032
In base 3, what is -12 - 202011002022012?
-202011002022101
In base 10, what is 470046 + 12?
470058
In base 9, what is -1 + -174410653?
-174410654
In base 11, what is -35594 + -1a9?
-35792
In base 4, what is -23 + 1033133232?
1033133203
In base 6, what is 305032014 + -112?
305031502
In base 14, what is -bbcdc0 - -3d?
-bbcd81
In base 3, what is 12 + -2010211012220220?
-2010211012220201
In base 16, what is 4 - -36d0f4?
36d0f8
In base 3, what is 1002022 + 1020001101?
1021010200
In base 13, what is 12321554 - -c?
12321563
In base 10, what is 5899362 + 5?
5899367
In base 9, what is -353 + -313058?
-313422
In base 7, what is -40356022 + 44?
-40355645
In base 4, what is 131132 + -10030121?
-3232323
In base 15, what is 104ea - ba?
10430
In base 4, what is 3223312312 + -12?
3223312300
In base 13, what is -1c52a - 8c2?
-2011c
In base 5, what is 4001 - -11022043?
11031044
In base 10, what is -4 - 72325936?
-72325940
In base 12, what is 0 + -5202864?
-5202864
In base 3, what is 2022000011011021111 + 10?
2022000011011021121
In base 2, what is 10110111 - 100100110?
-1101111
In base 7, what is 1162 - 632655?
-631463
In base 9, what is 23411031 + -3?
23411027
In base 11, what is -1925 - -2926?
1001
In base 15, what is -2674a + 257?
-264e3
In base 10, what is -281182 - -199?
-280983
In base 16, what is -76e - -c6?
-6a8
In base 3, what is -12002220 - -22210?
-11210010
In base 3, what is 121110200012 + -122?
121110122120
In base 9, what is -12713 + -2136?
-14850
In base 13, what is 20 + 4094b?
4096b
In base 8, what is 1 + 2711433?
2711434
In base 13, what is -8c + 180ca?
1803b
In base 11, what is -a27 + -41a8?
-5124
In base 3, what is -102201002212200210 + 2?
-102201002212200201
In base 11, what is 2750 + -11a49?
-a2a9
In base 8, what is 3 - 36330242?
-36330237
In base 14, what i